{"id":1687,"date":"2023-01-07T21:27:53","date_gmt":"2023-01-07T21:27:53","guid":{"rendered":"https:\/\/justine-basanta.de\/?page_id=1687"},"modified":"2023-03-25T15:49:22","modified_gmt":"2023-03-25T15:49:22","slug":"ablauf","status":"publish","type":"page","link":"https:\/\/justine-basanta.de\/?page_id=1687","title":{"rendered":"Ablauf"},"content":{"rendered":"\n<p>Am Samstag, 22. April 2023 geht es rund!<\/p>\n\n\n\n<p><i class=\"fas fa-stopwatch\"><\/i> 15 Uhr beginnt die Hochzeitsfeier auf der Festwiese (bei schlechtem Wetter im Festsaal).<\/p>\n\n\n\n<p><i class=\"fas fa-champagne-glasses\"><\/i> Anschlie\u00dfend sto\u00dfen wir im Festsaal an und genie\u00dfen Kaffee &amp; Kuchen.<\/p>\n\n\n\n<p><i class=\"fas fa-people-robbery\"><\/i> 17 Uhr lernen sich alle besser kennen. Daf\u00fcr haben wir einiges vorbereitet.<\/p>\n\n\n\n<p><i class=\"fas fa-camera-retro\"><\/i> Im Anschluss k\u00f6nnt ihr entspannen. Solange, bis der Fotograf zum Gruppenfoto ruft (Zeit abh\u00e4ngig vom Wetter).<\/p>\n\n\n\n<p><i class=\"fas fa-utensils\"><\/i> 19 Uhr er\u00f6ffnen wir das Buffet. Guten Appetit!<\/p>\n\n\n\n<p><i class=\"fas fa-martini-glass-citrus\"><\/i> Nach dem Essen st\u00fcrmen wir die Tanzfl\u00e4che. Gegen Mitternacht lassen wir unser Fest ausklingen.<\/p>\n\n\n\n<hr class=\"wp-block-separator has-alpha-channel-opacity\"\/>\n\n\n\n<h2>Hochzeitsspiele &amp; \u00dcberraschungen<\/h2>\n\n\n\n<p>Wir wollen ein Fest f\u00fcr die ganze Familie feiern!<\/p>\n\n\n\n<p><i class=\"fas fa-hand-scissors\"><\/i> Gro\u00dfgruppenspiele, bei denen sich die Hochzeitsgesellschaft besser kennenlernt, k\u00f6nnt ihr gerne beitragen. <\/p>\n\n\n\n<p><i class=\"fas fa-ban\"><\/i> Bitte verzichtet auf klassische Hochzeitsspiele.<\/p>\n\n\n\n<p><i class=\"fas fa-headset\"><\/i> Eure Ansprechpartnerinnen f\u00fcr Programmpunkte und \u00dcberraschungen sind Constanze und Anne (0163 9644137).<\/p>\n","protected":false},"excerpt":{"rendered":"<p>Am Samstag, 22. April 2023 geht es rund! 15 Uhr beginnt die Hochzeitsfeier auf der Festwiese (bei schlechtem Wetter im Festsaal). Anschlie\u00dfend sto\u00dfen wir im Festsaal an und genie\u00dfen Kaffee &amp; Kuchen. 17 Uhr lernen sich alle besser kennen. Daf\u00fcr haben wir einiges vorbereitet. Im Anschluss k\u00f6nnt ihr entspannen. Solange, bis der Fotograf zum Gruppenfoto [&hellip;]<\/p>\n","protected":false},"author":1,"featured_media":0,"parent":0,"menu_order":0,"comment_status":"closed","ping_status":"closed","template":"","meta":[],"_links":{"self":[{"href":"https:\/\/justine-basanta.de\/index.php?rest_route=\/wp\/v2\/pages\/1687"}],"collection":[{"href":"https:\/\/justine-basanta.de\/index.php?rest_route=\/wp\/v2\/pages"}],"about":[{"href":"https:\/\/justine-basanta.de\/index.php?rest_route=\/wp\/v2\/types\/page"}],"author":[{"embeddable":true,"href":"https:\/\/justine-basanta.de\/index.php?rest_route=\/wp\/v2\/users\/1"}],"replies":[{"embeddable":true,"href":"https:\/\/justine-basanta.de\/index.php?rest_route=%2Fwp%2Fv2%2Fcomments&post=1687"}],"version-history":[{"count":20,"href":"https:\/\/justine-basanta.de\/index.php?rest_route=\/wp\/v2\/pages\/1687\/revisions"}],"predecessor-version":[{"id":1813,"href":"https:\/\/justine-basanta.de\/index.php?rest_route=\/wp\/v2\/pages\/1687\/revisions\/1813"}],"wp:attachment":[{"href":"https:\/\/justine-basanta.de\/index.php?rest_route=%2Fwp%2Fv2%2Fmedia&parent=1687"}],"curies":[{"name":"wp","href":"https:\/\/api.w.org\/{rel}","templated":true}]}}